{"id":14368,"date":"2023-08-20T01:12:41","date_gmt":"2023-08-20T06:12:41","guid":{"rendered":"https:\/\/www.vanttive.com\/producto\/gel-limpiador-antirugosidad-236ml\/"},"modified":"2023-08-20T01:12:41","modified_gmt":"2023-08-20T06:12:41","slug":"gel-limpiador-antirugosidad-236ml","status":"publish","type":"product","link":"http:\/\/vanttive.com\/?product=gel-limpiador-antirugosidad-236ml","title":{"rendered":"Gel limpiador antirugosidad 236ml"},"content":{"rendered":"<p>El SA Limpiador Anti-rugosidades de CeraVe est\u00e1 formulado para exfoliar, suavizar y limpiar de forma eficaz la piel seca, irregular y rugosa sin alterar la barrera de la piel.<\/p>\n<p>Dise\u00f1ado para mejorar la textura de la piel gracias al \u00e1cido salic\u00edlico, este gel limpiador en espuma de textura refrescante elimina la suciedad, la grasa y exfolia la piel. Las tres ceramidas esenciales de CeraVe ayudan a mantener su barrera protectora y la niacinamida aporta sensaci\u00f3n de confort. F\u00f3rmula hipoalerg\u00e9nica, sin perfume y sin exfoliantes mec\u00e1nicos agresivos que no compromete la tolerancia del producto.<\/p>\n<p>Tipo de piel:  Para piel mixta, grasa con tendencia acneica.<\/p>\n<p>Beneficios:<br \/>\n-\u00c1cido salic\u00edlico: Ayuda a eliminar las c\u00e9lulas muertas de la piel para exfoliar suavemente.<br \/>\n-Tres ceramidas esenciales: Ayudan a mantener la barrera natural de la piel<br \/>\n-Niacinamida: Ayuda a calmar la piel<br \/>\n-Tres ceramidas esenciales que act\u00faan conjuntamente para asegurar la hidrataci\u00f3n y ayudar a restaurar la barrera protectora de la piel.<br \/>\n-La tecnolog\u00eda MVE encapsula las ceramidas para garantizar una difusi\u00f3n eficaz dentro de la barrera cut\u00e1nea y una liberaci\u00f3n lenta a lo largo del tiempo. Esta tecnolog\u00eda contin\u00faa liberando activos dentro de la barrera protectora de la piel, mucho despu\u00e9s de que hayas terminado de aplicarlo.<\/p>\n<p>Modo de uso: Aplicar en el rostro.<\/p>\n<p>Ingredientes:<br \/>\nAQUA\/WATER, SODIUM LAUROYL SARCOSINATE, COCAMIDOPROPYL HYDROXYSULTAINE, GLYCERIN, NIACINAMIDE, GLUCONOLACTONE, SODIUM METHYL COCOYL TAURATE, PEG-150 PENTAERYTHRITYL TETRASTEARATE, CERAMIDE NP, CERAMIDE AP, CERAMIDE EOP, CARBOMER, CALCIUM GLUCONATE, SALICYLIC ACID, SODIUM BENZOATE, SODIUM LAUROYL LACTYLATE, CHOLESTEROL, PHENOXYETHANOL, DISODIUM EDTA, TETRASODIUM EDTA, HYDROLYZED HYALURONIC ACID, PHYTOSPHINGOSINE, XANTHAN GUM, ETHYLHEXYLGLYCERIN.<\/p>\n","protected":false},"excerpt":{"rendered":"<p>El sa limpiador anti-rugosidades de cerave est\u00e1 formulado para exfoliar, suavizar y limpiar de forma eficaz la piel seca, irregular y rugosa sin alterar la barrera de la piel.<\/p>\n","protected":false},"featured_media":9778,"template":"","meta":{"site-sidebar-layout":"default","site-content-layout":"","ast-site-content-layout":"default","site-content-style":"default","site-sidebar-style":"default","ast-global-header-display":"","ast-banner-title-visibility":"","ast-main-header-display":"","ast-hfb-above-header-display":"","ast-hfb-below-header-display":"","ast-hfb-mobile-header-display":"","site-post-title":"","ast-breadcrumbs-content":"","ast-featured-img":"","footer-sml-layout":"","ast-disable-related-posts":"","theme-transparent-header-meta":"","adv-header-id-meta":"","stick-header-meta":"","header-above-stick-meta":"","header-main-stick-meta":"","header-below-stick-meta":"","astra-migrate-meta-layouts":"default","ast-page-background-enabled":"default","ast-page-background-meta":{"desktop":{"background-color":"var(--ast-global-color-5)","background-image":"","background-repeat":"repeat","background-position":"center center","background-size":"auto","background-attachment":"scroll","background-type":"","background-media":"","overlay-type":"","overlay-color":"","overlay-opacity":"","overlay-gradient":""},"tablet":{"background-color":"","background-image":"","background-repeat":"repeat","background-position":"center center","background-size":"auto","background-attachment":"scroll","background-type":"","background-media":"","overlay-type":"","overlay-color":"","overlay-opacity":"","overlay-gradient":""},"mobile":{"background-color":"","background-image":"","background-repeat":"repeat","background-position":"center center","background-size":"auto","background-attachment":"scroll","background-type":"","background-media":"","overlay-type":"","overlay-color":"","overlay-opacity":"","overlay-gradient":""}},"ast-content-background-meta":{"desktop":{"background-color":"var(--ast-global-color-4)","background-image":"","background-repeat":"repeat","background-position":"center center","background-size":"auto","background-attachment":"scroll","background-type":"","background-media":"","overlay-type":"","overlay-color":"","overlay-opacity":"","overlay-gradient":""},"tablet":{"background-color":"var(--ast-global-color-4)","background-image":"","background-repeat":"repeat","background-position":"center center","background-size":"auto","background-attachment":"scroll","background-type":"","background-media":"","overlay-type":"","overlay-color":"","overlay-opacity":"","overlay-gradient":""},"mobile":{"background-color":"var(--ast-global-color-4)","background-image":"","background-repeat":"repeat","background-position":"center center","background-size":"auto","background-attachment":"scroll","background-type":"","background-media":"","overlay-type":"","overlay-color":"","overlay-opacity":"","overlay-gradient":""}}},"product_brand":[],"product_cat":[220,214],"product_tag":[221,222,223],"class_list":{"0":"post-14368","1":"product","2":"type-product","3":"status-publish","4":"has-post-thumbnail","6":"product_cat-cerave","7":"product_cat-dermo","8":"product_tag-limpiadores-faciales","9":"product_tag-piel-grasa","10":"product_tag-piel-mixta","11":"desktop-align-left","12":"tablet-align-left","13":"mobile-align-left","14":"ast-product-gallery-layout-horizontal-slider","15":"ast-product-gallery-with-no-image","16":"ast-product-tabs-layout-horizontal","18":"first","19":"instock","20":"sale","21":"shipping-taxable","22":"purchasable","23":"product-type-simple"},"_links":{"self":[{"href":"http:\/\/vanttive.com\/index.php?rest_route=\/wp\/v2\/product\/14368","targetHints":{"allow":["GET"]}}],"collection":[{"href":"http:\/\/vanttive.com\/index.php?rest_route=\/wp\/v2\/product"}],"about":[{"href":"http:\/\/vanttive.com\/index.php?rest_route=\/wp\/v2\/types\/product"}],"wp:featuredmedia":[{"embeddable":true,"href":"http:\/\/vanttive.com\/index.php?rest_route=\/wp\/v2\/media\/9778"}],"wp:attachment":[{"href":"http:\/\/vanttive.com\/index.php?rest_route=%2Fwp%2Fv2%2Fmedia&parent=14368"}],"wp:term":[{"taxonomy":"product_brand","embeddable":true,"href":"http:\/\/vanttive.com\/index.php?rest_route=%2Fwp%2Fv2%2Fproduct_brand&post=14368"},{"taxonomy":"product_cat","embeddable":true,"href":"http:\/\/vanttive.com\/index.php?rest_route=%2Fwp%2Fv2%2Fproduct_cat&post=14368"},{"taxonomy":"product_tag","embeddable":true,"href":"http:\/\/vanttive.com\/index.php?rest_route=%2Fwp%2Fv2%2Fproduct_tag&post=14368"}],"curies":[{"name":"wp","href":"https:\/\/api.w.org\/{rel}","templated":true}]}}