{"id":14375,"date":"2023-08-20T01:12:47","date_gmt":"2023-08-20T06:12:47","guid":{"rendered":"https:\/\/www.vanttive.com\/producto\/anthelios-protector-solar-toque-seco-50ml\/"},"modified":"2023-08-20T01:12:47","modified_gmt":"2023-08-20T06:12:47","slug":"anthelios-protector-solar-toque-seco-50ml-2","status":"publish","type":"product","link":"http:\/\/vanttive.com\/?product=anthelios-protector-solar-toque-seco-50ml-2","title":{"rendered":"Anthelios protector solar toque seco 50ml"},"content":{"rendered":"<p>ANTHELIOS XL GEL-CREMA TOQUE SECO FPS 50+ \/ FP-UVA 28 SIN PERFUME proporciona una mayor protecci\u00f3n de amplio espectro (UVA, UVB) y ayuda a proteger contra los da\u00f1os producidos por algunos rayos infrarrojos y por la contaminaci\u00f3n. Resistente al agua. No deja marcas blancas. La tecnolog\u00eda AIRLICIUM\u2122se funde de inmediato en la piel y controla el brillo.<\/p>\n<p>Tipo de piel: Para piel mixta a grasa.<\/p>\n<p>Beneficios: Sin fragancia. Probado bajo control dermatol\u00f3gico. Con agua termal de La Roche-Posay.<\/p>\n<p>XL-PROTECT, tecnolog\u00eda de filtros patentada que ofrece mayor protecci\u00f3n de amplio espectro frente a los rayos UVA y UVB, como tambi\u00e9n de los efectos perjudiciales causados por la contaminaci\u00f3n y los rayos infrarrojos.<br \/>\nTecnolog\u00eda AIRLICIUM\u2122: Micro-part\u00edculas matificantes. Se funde de inmediato y controla todas las causas de brillo (sebo, sudor y humedad).<\/p>\n<p>Modo de uso: Aplicar como el \u00faltimo paso de tu rutina de cuidado de la piel. Adecuado para usar debajo del maquillaje.<br \/>\nAplicar la pantalla solar justo antes de la exposici\u00f3n. Volver a aplicarla de manera frecuente y generosa para mantener la protecci\u00f3n, especialmente despu\u00e9s de transpirar o secarse con una toalla. Uso externo.<\/p>\n<p>Ingredientes:<br \/>\nAQUA \/ WATER \u2022 HOMOSALATE \u2022 SILICA \u2022 OCTOCRYLENE \u2022 ETHYLHEXYL SALICYLATE \u2022 BUTYL METHOXYDIBENZOYLMETHANE \u2022 ETHYLHEXYL TRIAZONE \u2022 BIS-ETHYLHEXYLOXYPHENOL METHOXYPHENYL TRIAZINE \u2022 DROMETRIZOLE TRISILOXANE \u2022 ALUMINUM STARCH OCTENYLSUCCINATE \u2022 GLYCERIN \u2022 PENTYLENE GLYCOL \u2022 STYRENE\/ACRYLATES COPOLYMER \u2022 POTASSIUM CETYL PHOSPHATE \u2022 DIMETHICONE \u2022 PERLITE \u2022 PROPYLENE GLYCOL \u2022 ACRYLATES\/C10-30 ALKYL ACRYLATE CROSSPOLYMER \u2022 ALUMINUM HYDROXIDE \u2022 p-ANISIC ACID \u2022 CAPRYLYL GLYCOL \u2022 DISODIUM EDTA \u2022 INULIN LAURYL CARBAMATE \u2022 ISOPROPYL LAUROYL SARCOSINATE \u2022 PEG-8 LAURATE \u2022 PHENOXYETHANOL \u2022 SCUTELLARIA BAICALENSIS EXTRACT \/ SCUTELLARIA BAICALENSIS ROOT EXTRACT \u2022 SILICA SILYLATE \u2022 STEARIC ACID \u2022 STEARYL ALCOHOL \u2022 TEREPHTHALYLIDENE DICAMPHOR SULFONIC ACID \u2022 TITANIUM DIOXIDE \u2022 TOCOPHEROL \u2022 TRIETHANOLAMINE \u2022 XANTHAN GUM \u2022 ZINC GLUCONATE.<\/p>\n","protected":false},"excerpt":{"rendered":"<p>Anthelios xl gel-crema toque seco fps 50+ \/ fp-uva 28 sin perfume proporciona una mayor protecci\u00f3n de amplio espectro (uva, uvb). <\/p>\n","protected":false},"featured_media":9783,"template":"","meta":{"site-sidebar-layout":"default","site-content-layout":"","ast-site-content-layout":"default","site-content-style":"default","site-sidebar-style":"default","ast-global-header-display":"","ast-banner-title-visibility":"","ast-main-header-display":"","ast-hfb-above-header-display":"","ast-hfb-below-header-display":"","ast-hfb-mobile-header-display":"","site-post-title":"","ast-breadcrumbs-content":"","ast-featured-img":"","footer-sml-layout":"","ast-disable-related-posts":"","theme-transparent-header-meta":"","adv-header-id-meta":"","stick-header-meta":"","header-above-stick-meta":"","header-main-stick-meta":"","header-below-stick-meta":"","astra-migrate-meta-layouts":"default","ast-page-background-enabled":"default","ast-page-background-meta":{"desktop":{"background-color":"var(--ast-global-color-5)","background-image":"","background-repeat":"repeat","background-position":"center center","background-size":"auto","background-attachment":"scroll","background-type":"","background-media":"","overlay-type":"","overlay-color":"","overlay-opacity":"","overlay-gradient":""},"tablet":{"background-color":"","background-image":"","background-repeat":"repeat","background-position":"center center","background-size":"auto","background-attachment":"scroll","background-type":"","background-media":"","overlay-type":"","overlay-color":"","overlay-opacity":"","overlay-gradient":""},"mobile":{"background-color":"","background-image":"","background-repeat":"repeat","background-position":"center center","background-size":"auto","background-attachment":"scroll","background-type":"","background-media":"","overlay-type":"","overlay-color":"","overlay-opacity":"","overlay-gradient":""}},"ast-content-background-meta":{"desktop":{"background-color":"var(--ast-global-color-4)","background-image":"","background-repeat":"repeat","background-position":"center center","background-size":"auto","background-attachment":"scroll","background-type":"","background-media":"","overlay-type":"","overlay-color":"","overlay-opacity":"","overlay-gradient":""},"tablet":{"background-color":"var(--ast-global-color-4)","background-image":"","background-repeat":"repeat","background-position":"center center","background-size":"auto","background-attachment":"scroll","background-type":"","background-media":"","overlay-type":"","overlay-color":"","overlay-opacity":"","overlay-gradient":""},"mobile":{"background-color":"var(--ast-global-color-4)","background-image":"","background-repeat":"repeat","background-position":"center center","background-size":"auto","background-attachment":"scroll","background-type":"","background-media":"","overlay-type":"","overlay-color":"","overlay-opacity":"","overlay-gradient":""}}},"product_brand":[],"product_cat":[214,215],"product_tag":[222,223,228,229],"class_list":{"0":"post-14375","1":"product","2":"type-product","3":"status-publish","4":"has-post-thumbnail","6":"product_cat-dermo","7":"product_cat-la-roche-posay","8":"product_tag-piel-grasa","9":"product_tag-piel-mixta","10":"product_tag-piel-normal","11":"product_tag-proteccion-solar","12":"desktop-align-left","13":"tablet-align-left","14":"mobile-align-left","15":"ast-product-gallery-layout-horizontal-slider","16":"ast-product-gallery-with-no-image","17":"ast-product-tabs-layout-horizontal","19":"first","20":"instock","21":"sale","22":"shipping-taxable","23":"purchasable","24":"product-type-simple"},"_links":{"self":[{"href":"http:\/\/vanttive.com\/index.php?rest_route=\/wp\/v2\/product\/14375","targetHints":{"allow":["GET"]}}],"collection":[{"href":"http:\/\/vanttive.com\/index.php?rest_route=\/wp\/v2\/product"}],"about":[{"href":"http:\/\/vanttive.com\/index.php?rest_route=\/wp\/v2\/types\/product"}],"wp:featuredmedia":[{"embeddable":true,"href":"http:\/\/vanttive.com\/index.php?rest_route=\/wp\/v2\/media\/9783"}],"wp:attachment":[{"href":"http:\/\/vanttive.com\/index.php?rest_route=%2Fwp%2Fv2%2Fmedia&parent=14375"}],"wp:term":[{"taxonomy":"product_brand","embeddable":true,"href":"http:\/\/vanttive.com\/index.php?rest_route=%2Fwp%2Fv2%2Fproduct_brand&post=14375"},{"taxonomy":"product_cat","embeddable":true,"href":"http:\/\/vanttive.com\/index.php?rest_route=%2Fwp%2Fv2%2Fproduct_cat&post=14375"},{"taxonomy":"product_tag","embeddable":true,"href":"http:\/\/vanttive.com\/index.php?rest_route=%2Fwp%2Fv2%2Fproduct_tag&post=14375"}],"curies":[{"name":"wp","href":"https:\/\/api.w.org\/{rel}","templated":true}]}}

<p>ANTHELIOS XL GEL-CREMA TOQUE SECO FPS 50+ / FP-UVA 28 SIN PERFUME proporciona una mayor protección de amplio espectro (UVA, UVB) y ayuda a proteger contra los daños producidos por algunos rayos infrarrojos y por la contaminación. Resistente al agua. No deja marcas blancas. La tecnología AIRLICIUM™se funde de inmediato en la piel y controla el brillo.</p>
<p>Tipo de piel: Para piel mixta a grasa.</p>
<p>Beneficios: Sin fragancia. Probado bajo control dermatológico. Con agua termal de La Roche-Posay.</p>
<p>XL-PROTECT, tecnología de filtros patentada que ofrece mayor protección de amplio espectro frente a los rayos UVA y UVB, como también de los efectos perjudiciales causados por la contaminación y los rayos infrarrojos.<br />
Tecnología AIRLICIUM™: Micro-partículas matificantes. Se funde de inmediato y controla todas las causas de brillo (sebo, sudor y humedad).</p>
<p>Modo de uso: Aplicar como el último paso de tu rutina de cuidado de la piel. Adecuado para usar debajo del maquillaje.<br />
Aplicar la pantalla solar justo antes de la exposición. Volver a aplicarla de manera frecuente y generosa para mantener la protección, especialmente después de transpirar o secarse con una toalla. Uso externo.</p>
<p>Ingredientes:<br />
AQUA / WATER • HOMOSALATE • SILICA • OCTOCRYLENE • ETHYLHEXYL SALICYLATE • BUTYL METHOXYDIBENZOYLMETHANE • ETHYLHEXYL TRIAZONE • BIS-ETHYLHEXYLOXYPHENOL METHOXYPHENYL TRIAZINE • DROMETRIZOLE TRISILOXANE • ALUMINUM STARCH OCTENYLSUCCINATE • GLYCERIN • PENTYLENE GLYCOL • STYRENE/ACRYLATES COPOLYMER • POTASSIUM CETYL PHOSPHATE • DIMETHICONE • PERLITE • PROPYLENE GLYCOL • ACRYLATES/C10-30 ALKYL ACRYLATE CROSSPOLYMER • ALUMINUM HYDROXIDE • p-ANISIC ACID • CAPRYLYL GLYCOL • DISODIUM EDTA • INULIN LAURYL CARBAMATE • ISOPROPYL LAUROYL SARCOSINATE • PEG-8 LAURATE • PHENOXYETHANOL • SCUTELLARIA BAICALENSIS EXTRACT / SCUTELLARIA BAICALENSIS ROOT EXTRACT • SILICA SILYLATE • STEARIC ACID • STEARYL ALCOHOL • TEREPHTHALYLIDENE DICAMPHOR SULFONIC ACID • TITANIUM DIOXIDE • TOCOPHEROL • TRIETHANOLAMINE • XANTHAN GUM • ZINC GLUCONATE.</p>

<p>Anthelios xl gel-crema toque seco fps 50+ / fp-uva 28 sin perfume proporciona una mayor protección de amplio espectro (uva, uvb). </p>
