{"id":14381,"date":"2023-08-20T01:12:57","date_gmt":"2023-08-20T06:12:57","guid":{"rendered":"https:\/\/www.vanttive.com\/producto\/hyalu-b5-serum-30ml\/"},"modified":"2023-08-20T01:12:57","modified_gmt":"2023-08-20T06:12:57","slug":"hyalu-b5-serum-30ml","status":"publish","type":"product","link":"http:\/\/vanttive.com\/?product=hyalu-b5-serum-30ml","title":{"rendered":"Hyalu b5 serum 30ml"},"content":{"rendered":"<p>HYALU B5 Serum: La primera soluci\u00f3n dermatocosm\u00e9tica de La Roche-Posay que repara1 y rellena de INMEDIATO y reduce significativamente las arrugas. Probado en piel sensible, incluso despu\u00e9s de los procedimientos.<\/p>\n<p>Tipo de piel: Pieles normales y sensibles.<\/p>\n<p>Beneficios:Una exclusiva f\u00f3rmula enriquecida con dos tipos de \u00e1cidos hialur\u00f3nicos puros y vitamina B5 que rellenan e hidratan la piel. Rellena y repara la barrera cut\u00e1nea. Textura suave, fresca y fundente para un mayor bienestar de la piel.<\/p>\n<p>-RELLENA Y REHIDRATA: \u00c1cido hialur\u00f3nico: reduce las arrugas, rellena y aumenta el volumen y la elasticidad de la piel.<br \/>\n-REPARA: Vitamina B5: Mejora el proceso de reparaci\u00f3n de la piel.<br \/>\n-Agua Termal de La Roche-Posay: Combate los radicales libres.<\/p>\n<p>Modo de uso: Aplicar en el rostro por la ma\u00f1ana y\/o por la noche.<br \/>\n1. Repara la barrera cut\u00e1nea.<br \/>\n2. Procedimientos superficiales. No aplicar sobre piel lastimada.<\/p>\n<p>Ingredientes:<br \/>\nAQUA \/ WATER \u2022 GLYCERIN \u2022 ALCOHOL DENAT \u2022 PROPYLENE GLYCOL \u2022 PANTHENOL \u2022 PENTYLENE GLYCOL \u2022 DIMETHICONE \u2022 PEG-6 CAPRYLIC\/CAPRIC GLYCERIDES \u2022 PPG-6-DECYLTETRADECETH-30 \u2022 GLYCERYL ISOSTEARATE \u2022 MADECASSOSIDE \u2022 SODIUM HYALURONATE \u2022 AMMONIUM POLYACRYLOYLDIMETHYL TAURATE \u2022 DISODIUM EDTA \u2022 HYDROLYZED HYALURONIC ACID \u2022 CAPRYLYL GLYCOL \u2022 CITRIC ACID \u2022 XANTHAN GUM \u2022 BUTYLENE GLYCOL \u2022 TOCOPHEROL \u2022 PHENOXYETHANOL \u2022 PARFUM \/FRAGRANCE.<\/p>\n","protected":false},"excerpt":{"rendered":"<p>Hyalu b5 serum: la primera soluci\u00f3n dermatocosm\u00e9tica de la roche-posay que repara1 y rellena de inmediato y reduce significativamente las arrugas.<\/p>\n","protected":false},"featured_media":9741,"template":"","meta":{"site-sidebar-layout":"default","site-content-layout":"","ast-site-content-layout":"default","site-content-style":"default","site-sidebar-style":"default","ast-global-header-display":"","ast-banner-title-visibility":"","ast-main-header-display":"","ast-hfb-above-header-display":"","ast-hfb-below-header-display":"","ast-hfb-mobile-header-display":"","site-post-title":"","ast-breadcrumbs-content":"","ast-featured-img":"","footer-sml-layout":"","ast-disable-related-posts":"","theme-transparent-header-meta":"","adv-header-id-meta":"","stick-header-meta":"","header-above-stick-meta":"","header-main-stick-meta":"","header-below-stick-meta":"","astra-migrate-meta-layouts":"default","ast-page-background-enabled":"default","ast-page-background-meta":{"desktop":{"background-color":"var(--ast-global-color-5)","background-image":"","background-repeat":"repeat","background-position":"center center","background-size":"auto","background-attachment":"scroll","background-type":"","background-media":"","overlay-type":"","overlay-color":"","overlay-opacity":"","overlay-gradient":""},"tablet":{"background-color":"","background-image":"","background-repeat":"repeat","background-position":"center center","background-size":"auto","background-attachment":"scroll","background-type":"","background-media":"","overlay-type":"","overlay-color":"","overlay-opacity":"","overlay-gradient":""},"mobile":{"background-color":"","background-image":"","background-repeat":"repeat","background-position":"center center","background-size":"auto","background-attachment":"scroll","background-type":"","background-media":"","overlay-type":"","overlay-color":"","overlay-opacity":"","overlay-gradient":""}},"ast-content-background-meta":{"desktop":{"background-color":"var(--ast-global-color-4)","background-image":"","background-repeat":"repeat","background-position":"center center","background-size":"auto","background-attachment":"scroll","background-type":"","background-media":"","overlay-type":"","overlay-color":"","overlay-opacity":"","overlay-gradient":""},"tablet":{"background-color":"var(--ast-global-color-4)","background-image":"","background-repeat":"repeat","background-position":"center center","background-size":"auto","background-attachment":"scroll","background-type":"","background-media":"","overlay-type":"","overlay-color":"","overlay-opacity":"","overlay-gradient":""},"mobile":{"background-color":"var(--ast-global-color-4)","background-image":"","background-repeat":"repeat","background-position":"center center","background-size":"auto","background-attachment":"scroll","background-type":"","background-media":"","overlay-type":"","overlay-color":"","overlay-opacity":"","overlay-gradient":""}}},"product_brand":[],"product_cat":[214,215],"product_tag":[230,231,232,233,223,228,234,235],"class_list":{"0":"post-14381","1":"product","2":"type-product","3":"status-publish","4":"has-post-thumbnail","6":"product_cat-dermo","7":"product_cat-la-roche-posay","8":"product_tag-anti-edad","9":"product_tag-cuidado-facial","10":"product_tag-hidratacion-facial","11":"product_tag-piel-atopica","12":"product_tag-piel-mixta","13":"product_tag-piel-normal","14":"product_tag-piel-seca","15":"product_tag-piel-sensible","16":"desktop-align-left","17":"tablet-align-left","18":"mobile-align-left","19":"ast-product-gallery-layout-horizontal-slider","20":"ast-product-gallery-with-no-image","21":"ast-product-tabs-layout-horizontal","23":"first","24":"instock","25":"sale","26":"shipping-taxable","27":"purchasable","28":"product-type-simple"},"_links":{"self":[{"href":"http:\/\/vanttive.com\/index.php?rest_route=\/wp\/v2\/product\/14381","targetHints":{"allow":["GET"]}}],"collection":[{"href":"http:\/\/vanttive.com\/index.php?rest_route=\/wp\/v2\/product"}],"about":[{"href":"http:\/\/vanttive.com\/index.php?rest_route=\/wp\/v2\/types\/product"}],"wp:featuredmedia":[{"embeddable":true,"href":"http:\/\/vanttive.com\/index.php?rest_route=\/wp\/v2\/media\/9741"}],"wp:attachment":[{"href":"http:\/\/vanttive.com\/index.php?rest_route=%2Fwp%2Fv2%2Fmedia&parent=14381"}],"wp:term":[{"taxonomy":"product_brand","embeddable":true,"href":"http:\/\/vanttive.com\/index.php?rest_route=%2Fwp%2Fv2%2Fproduct_brand&post=14381"},{"taxonomy":"product_cat","embeddable":true,"href":"http:\/\/vanttive.com\/index.php?rest_route=%2Fwp%2Fv2%2Fproduct_cat&post=14381"},{"taxonomy":"product_tag","embeddable":true,"href":"http:\/\/vanttive.com\/index.php?rest_route=%2Fwp%2Fv2%2Fproduct_tag&post=14381"}],"curies":[{"name":"wp","href":"https:\/\/api.w.org\/{rel}","templated":true}]}}