{"id":14400,"date":"2023-08-20T01:13:06","date_gmt":"2023-08-20T06:13:06","guid":{"rendered":"https:\/\/www.vanttive.com\/producto\/lipikar-lavant-gel-de-ducha-200ml\/"},"modified":"2023-08-20T01:13:06","modified_gmt":"2023-08-20T06:13:06","slug":"lipikar-lavant-gel-de-ducha-200ml","status":"publish","type":"product","link":"http:\/\/vanttive.com\/?product=lipikar-lavant-gel-de-ducha-200ml","title":{"rendered":"Lipikar lavant gel de ducha 200ml"},"content":{"rendered":"<p>Jab\u00f3n La Roche Posay Lipikar Gel Lavant &#8211; 200ml, Gel espumoso, suave, delicadamente perfumado que no irrita los ojos. relipidizante para tener una piel nutrida al salir de la ducha.<\/p>\n<p>Tipo de piel: Piel sensible. <\/p>\n<p>Beneficios: 200ml Niacinamide y Manteca de Karit\u00e9. Con niacinamide calmante y manteca de karit\u00e9.<\/p>\n<p>Modo de uso: Aplicar todos los d\u00edas sobre la piel h\u00fameda. Adecuada para usar en todo el cuerpo (rostro, cuerpo, partes \u00edntimas y cuero cabelludo del beb\u00e9). Masajear suavemente y aclarar. Secar con suaves golpecitos. Para mejores resultados,<br \/>\naplicar LIPIKAR Lait leche corporal relipidizante despu\u00e9s de la ducha.<\/p>\n<p>Ingredientes:<br \/>\nAQUA \/ WATER \u2022 SODIUM LAURETH SULFATE \u2022 PEG-200 HYDROGENATED GLYCERYL PALMATE \u2022 GLYCERIN \u2022 COCO-BETAINE \u2022 POLYSORBATE 20 \u2022 PEG-7 GLYCERYL COCOATE \u2022 CITRIC ACID \u2022 COCAMIDE MEA \u2022 NIACINAMIDE \u2022 PARFUM \/ FRAGRANCE \u2022 PEG-55 PROPYLENE GLYCOL OLEATE \u2022 PEG-60 HYDROGENATED CASTOR OIL \u2022 PEG-75 SHEA BUTTER GLYCERIDES \u2022 POLYQUATERNIUM-11 \u2022 PPG-5-CETETH-20 \u2022 PROPYLENE GLYCOL \u2022 PRUNUS AMYGDALUS DULCIS OIL \/ SWEET ALMOND OIL \u2022 SODIUM BENZOATE \u2022 SODIUM CHLORIDE \u2022 SODIUM HYDROXIDE.<\/p>\n","protected":false},"excerpt":{"rendered":"<p>Gel espumoso con niacinamida calmante y manteca de karit\u00e9 relipidizante para tener una piel nutrida al salir de la ducha.<\/p>\n","protected":false},"featured_media":9745,"template":"","meta":{"site-sidebar-layout":"default","site-content-layout":"","ast-site-content-layout":"default","site-content-style":"default","site-sidebar-style":"default","ast-global-header-display":"","ast-banner-title-visibility":"","ast-main-header-display":"","ast-hfb-above-header-display":"","ast-hfb-below-header-display":"","ast-hfb-mobile-header-display":"","site-post-title":"","ast-breadcrumbs-content":"","ast-featured-img":"","footer-sml-layout":"","ast-disable-related-posts":"","theme-transparent-header-meta":"","adv-header-id-meta":"","stick-header-meta":"","header-above-stick-meta":"","header-main-stick-meta":"","header-below-stick-meta":"","astra-migrate-meta-layouts":"default","ast-page-background-enabled":"default","ast-page-background-meta":{"desktop":{"background-color":"var(--ast-global-color-5)","background-image":"","background-repeat":"repeat","background-position":"center center","background-size":"auto","background-attachment":"scroll","background-type":"","background-media":"","overlay-type":"","overlay-color":"","overlay-opacity":"","overlay-gradient":""},"tablet":{"background-color":"","background-image":"","background-repeat":"repeat","background-position":"center center","background-size":"auto","background-attachment":"scroll","background-type":"","background-media":"","overlay-type":"","overlay-color":"","overlay-opacity":"","overlay-gradient":""},"mobile":{"background-color":"","background-image":"","background-repeat":"repeat","background-position":"center center","background-size":"auto","background-attachment":"scroll","background-type":"","background-media":"","overlay-type":"","overlay-color":"","overlay-opacity":"","overlay-gradient":""}},"ast-content-background-meta":{"desktop":{"background-color":"var(--ast-global-color-4)","background-image":"","background-repeat":"repeat","background-position":"center center","background-size":"auto","background-attachment":"scroll","background-type":"","background-media":"","overlay-type":"","overlay-color":"","overlay-opacity":"","overlay-gradient":""},"tablet":{"background-color":"var(--ast-global-color-4)","background-image":"","background-repeat":"repeat","background-position":"center center","background-size":"auto","background-attachment":"scroll","background-type":"","background-media":"","overlay-type":"","overlay-color":"","overlay-opacity":"","overlay-gradient":""},"mobile":{"background-color":"var(--ast-global-color-4)","background-image":"","background-repeat":"repeat","background-position":"center center","background-size":"auto","background-attachment":"scroll","background-type":"","background-media":"","overlay-type":"","overlay-color":"","overlay-opacity":"","overlay-gradient":""}}},"product_brand":[],"product_cat":[214,215],"product_tag":[242,245,237,232,243,233,228,234,235],"class_list":{"0":"post-14400","1":"product","2":"type-product","3":"status-publish","4":"has-post-thumbnail","6":"product_cat-dermo","7":"product_cat-la-roche-posay","8":"product_tag-cuidado-corporal","9":"product_tag-cuidado-intimo","10":"product_tag-hidratacion-corporal","11":"product_tag-hidratacion-facial","12":"product_tag-pediatrico","13":"product_tag-piel-atopica","14":"product_tag-piel-normal","15":"product_tag-piel-seca","16":"product_tag-piel-sensible","17":"desktop-align-left","18":"tablet-align-left","19":"mobile-align-left","20":"ast-product-gallery-layout-horizontal-slider","21":"ast-product-gallery-with-no-image","22":"ast-product-tabs-layout-horizontal","24":"first","25":"instock","26":"sale","27":"shipping-taxable","28":"purchasable","29":"product-type-simple"},"_links":{"self":[{"href":"http:\/\/vanttive.com\/index.php?rest_route=\/wp\/v2\/product\/14400","targetHints":{"allow":["GET"]}}],"collection":[{"href":"http:\/\/vanttive.com\/index.php?rest_route=\/wp\/v2\/product"}],"about":[{"href":"http:\/\/vanttive.com\/index.php?rest_route=\/wp\/v2\/types\/product"}],"wp:featuredmedia":[{"embeddable":true,"href":"http:\/\/vanttive.com\/index.php?rest_route=\/wp\/v2\/media\/9745"}],"wp:attachment":[{"href":"http:\/\/vanttive.com\/index.php?rest_route=%2Fwp%2Fv2%2Fmedia&parent=14400"}],"wp:term":[{"taxonomy":"product_brand","embeddable":true,"href":"http:\/\/vanttive.com\/index.php?rest_route=%2Fwp%2Fv2%2Fproduct_brand&post=14400"},{"taxonomy":"product_cat","embeddable":true,"href":"http:\/\/vanttive.com\/index.php?rest_route=%2Fwp%2Fv2%2Fproduct_cat&post=14400"},{"taxonomy":"product_tag","embeddable":true,"href":"http:\/\/vanttive.com\/index.php?rest_route=%2Fwp%2Fv2%2Fproduct_tag&post=14400"}],"curies":[{"name":"wp","href":"https:\/\/api.w.org\/{rel}","templated":true}]}}