{"id":14405,"date":"2023-08-20T01:13:09","date_gmt":"2023-08-20T06:13:09","guid":{"rendered":"https:\/\/www.vanttive.com\/producto\/pigmentclar-crema-facial-uv-40ml\/"},"modified":"2023-08-20T01:13:09","modified_gmt":"2023-08-20T06:13:09","slug":"pigmentclar-crema-facial-uv-40ml","status":"publish","type":"product","link":"http:\/\/vanttive.com\/?product=pigmentclar-crema-facial-uv-40ml","title":{"rendered":"Pigmentclar crema facial uv 40ml"},"content":{"rendered":"<p>PIGMENTCLAR UV FPS 30 Crema hidratante que ayuda a desvanecer las manchas oscuras arraigadas y uniformizar la tez de manera duradera. Evita que las part\u00edculas de contaminaci\u00f3n se adhieran a la piel, con Agua Termal de La Roche-Posay.<\/p>\n<p>Tipo de piel: Piel normal, mixta, seca o sensible.<\/p>\n<p>Beneficios: Para corregir las manchas oscuras y evitar su reaparici\u00f3n, La Roche-Posay ha desarrollado PIGMENTCLAR UV FPS 30. Este innovador hidratante corrector de la piel combina el potente complejo anti manchas oscuras PIGMENTCLAR PhE-Resorcinol con el sistema de filtros UV avanzados de La Roche-Posay para proporcionar triple protecci\u00f3n contra la contaminaci\u00f3n, los rayos UVA largos y la oxidaci\u00f3n.<\/p>\n<p>&#8211; Su textura anticontaminaci\u00f3n evita que las part\u00edculas contaminantes se adhieran a la piel.<br \/>\n&#8211; Innovador sistema de filtros UVB FPS 30 \u2013 UVA PPD 15 con Mexoryl SX y XL tambi\u00e9n filtra los rayos UVA largos.<br \/>\n&#8211; Complejo de extracto de Gingko + \u00c1cido Fer\u00falico proporciona eficaz acci\u00f3n antioxidante.<\/p>\n<p>Modo de uso: Aplicar todas las ma\u00f1anas en rostro, cuello y escote y en el dorso de las manos.<\/p>\n<p>Ingredientes:<br \/>\nAQUA \/ WATER \u2022 C12-15 ALKYL BENZOATE \u2022 GLYCERIN \u2022 OCTOCRYLENE \u2022 NIACINAMIDE \u2022 OCTYLDODECANOL \u2022 DIMETHICONE \u2022 BUTYL METHOXYDIBENZOYLMETHANE \u2022 VINYL D I M E T H I C O N E \/ M E T H I C O N E SILSESQUIOXANE CROSSPOLYMER \u2022 ALUMINUM STARCH OCTENYLSUCCINATE \u2022 TEREPHTHALYLIDENE DICAMPHOR SULFONIC ACID \u2022 POTASSIUM CETYL PHOSPHATE \u2022 DROMETRIZOLE TRISILOXANE \u2022 PEG-100 STEARATE \u2022 STEARYL ALCOHOL \u2022 GLYCERYL STEARATE \u2022 ETHYLHEXYL TRIAZONE \u2022 TRIETHANOLAMINE \u2022 GINKGO BILOBA EXTRACT \/ GINKGO BILOBA LEAF EXTRACT \u2022 PHENYLETHYL RESORCINOL \u2022 P O L O X A M E R 3 3 8 \u2022 AMMO N IUM POLYACRYLDIMETHYLTAURAMIDE \/ AMMONIUM POLYACRYLOYLDIMETHYL TAURATE \u2022 DISODIUM EDTA \u2022 CAPRYLOYL SALICYLIC ACID \u2022 CAPRYLYL GLYCOL \u2022 XANTHAN GUM \u2022 FERULIC ACID \u2022 PHENOXYETHANOL \u2022 PARFUM \/ FRAGRANCE.<\/p>\n","protected":false},"excerpt":{"rendered":"<p>Pigmentclar uv fps 30 crema hidratante que ayuda a desvanecer las manchas oscuras arraigadas y uniformizar la tez de manera duradera. Evita que las part\u00edculas de contaminaci\u00f3n se adhieran a la piel, con agua termal de la roche-posay.<\/p>\n","protected":false},"featured_media":9750,"template":"","meta":{"site-sidebar-layout":"default","site-content-layout":"","ast-site-content-layout":"default","site-content-style":"default","site-sidebar-style":"default","ast-global-header-display":"","ast-banner-title-visibility":"","ast-main-header-display":"","ast-hfb-above-header-display":"","ast-hfb-below-header-display":"","ast-hfb-mobile-header-display":"","site-post-title":"","ast-breadcrumbs-content":"","ast-featured-img":"","footer-sml-layout":"","ast-disable-related-posts":"","theme-transparent-header-meta":"","adv-header-id-meta":"","stick-header-meta":"","header-above-stick-meta":"","header-main-stick-meta":"","header-below-stick-meta":"","astra-migrate-meta-layouts":"default","ast-page-background-enabled":"default","ast-page-background-meta":{"desktop":{"background-color":"var(--ast-global-color-5)","background-image":"","background-repeat":"repeat","background-position":"center center","background-size":"auto","background-attachment":"scroll","background-type":"","background-media":"","overlay-type":"","overlay-color":"","overlay-opacity":"","overlay-gradient":""},"tablet":{"background-color":"","background-image":"","background-repeat":"repeat","background-position":"center center","background-size":"auto","background-attachment":"scroll","background-type":"","background-media":"","overlay-type":"","overlay-color":"","overlay-opacity":"","overlay-gradient":""},"mobile":{"background-color":"","background-image":"","background-repeat":"repeat","background-position":"center center","background-size":"auto","background-attachment":"scroll","background-type":"","background-media":"","overlay-type":"","overlay-color":"","overlay-opacity":"","overlay-gradient":""}},"ast-content-background-meta":{"desktop":{"background-color":"var(--ast-global-color-4)","background-image":"","background-repeat":"repeat","background-position":"center center","background-size":"auto","background-attachment":"scroll","background-type":"","background-media":"","overlay-type":"","overlay-color":"","overlay-opacity":"","overlay-gradient":""},"tablet":{"background-color":"var(--ast-global-color-4)","background-image":"","background-repeat":"repeat","background-position":"center center","background-size":"auto","background-attachment":"scroll","background-type":"","background-media":"","overlay-type":"","overlay-color":"","overlay-opacity":"","overlay-gradient":""},"mobile":{"background-color":"var(--ast-global-color-4)","background-image":"","background-repeat":"repeat","background-position":"center center","background-size":"auto","background-attachment":"scroll","background-type":"","background-media":"","overlay-type":"","overlay-color":"","overlay-opacity":"","overlay-gradient":""}}},"product_brand":[],"product_cat":[214,215],"product_tag":[230,225,231,223,228,234,235],"class_list":{"0":"post-14405","1":"product","2":"type-product","3":"status-publish","4":"has-post-thumbnail","6":"product_cat-dermo","7":"product_cat-la-roche-posay","8":"product_tag-anti-edad","9":"product_tag-anti-manchas","10":"product_tag-cuidado-facial","11":"product_tag-piel-mixta","12":"product_tag-piel-normal","13":"product_tag-piel-seca","14":"product_tag-piel-sensible","15":"desktop-align-left","16":"tablet-align-left","17":"mobile-align-left","18":"ast-product-gallery-layout-horizontal-slider","19":"ast-product-gallery-with-no-image","20":"ast-product-tabs-layout-horizontal","22":"first","23":"instock","24":"sale","25":"shipping-taxable","26":"purchasable","27":"product-type-simple"},"_links":{"self":[{"href":"http:\/\/vanttive.com\/index.php?rest_route=\/wp\/v2\/product\/14405","targetHints":{"allow":["GET"]}}],"collection":[{"href":"http:\/\/vanttive.com\/index.php?rest_route=\/wp\/v2\/product"}],"about":[{"href":"http:\/\/vanttive.com\/index.php?rest_route=\/wp\/v2\/types\/product"}],"wp:featuredmedia":[{"embeddable":true,"href":"http:\/\/vanttive.com\/index.php?rest_route=\/wp\/v2\/media\/9750"}],"wp:attachment":[{"href":"http:\/\/vanttive.com\/index.php?rest_route=%2Fwp%2Fv2%2Fmedia&parent=14405"}],"wp:term":[{"taxonomy":"product_brand","embeddable":true,"href":"http:\/\/vanttive.com\/index.php?rest_route=%2Fwp%2Fv2%2Fproduct_brand&post=14405"},{"taxonomy":"product_cat","embeddable":true,"href":"http:\/\/vanttive.com\/index.php?rest_route=%2Fwp%2Fv2%2Fproduct_cat&post=14405"},{"taxonomy":"product_tag","embeddable":true,"href":"http:\/\/vanttive.com\/index.php?rest_route=%2Fwp%2Fv2%2Fproduct_tag&post=14405"}],"curies":[{"name":"wp","href":"https:\/\/api.w.org\/{rel}","templated":true}]}}