{"id":14434,"date":"2023-08-20T01:13:35","date_gmt":"2023-08-20T06:13:35","guid":{"rendered":"https:\/\/www.vanttive.com\/producto\/anthelios-pigment-correct-50-ml\/"},"modified":"2023-08-20T01:13:35","modified_gmt":"2023-08-20T06:13:35","slug":"anthelios-pigment-correct-50-ml","status":"publish","type":"product","link":"http:\/\/vanttive.com\/?product=anthelios-pigment-correct-50-ml","title":{"rendered":"Anthelios pigment correct 50 ml"},"content":{"rendered":"<p>Protector Solar Facial Anthelios Pigment Correct SPF50 en crema para uso diario con fotocorrecci\u00f3n que unifica visiblemente el tono de la piel y ayuda a prevenir la hiperpigmentaci\u00f3n. La nueva generaci\u00f3n de protecci\u00f3n solar que protege del fotoenvejecimiento provocado por la exposici\u00f3n solar diaria, y que ayuda a corregir visiblemente la pigmentaci\u00f3n de la piel. Con Protecci\u00f3n de Amplio Espectro contra los Rayos UV, la contaminaci\u00f3n y la oxidaci\u00f3n m\u00e1s Activos Dermotol\u00f3gicos Correctivos, con Procerad, Niancinamida y Pigmentos Minerales.<br \/>\nDisponible en 2 tonos.<\/p>\n<p>Tipo de piel: Todo tipo de piel, en especial piel sensible.<br \/>\nBeneficios: Protector que ayuda a proteger la piel contra los signos del envejecimiento inducidos por la exposici\u00f3n solar diaria y ayuda a corregir visiblemente la hiperpigmentaci\u00f3n. Piel m\u00e1s uniforme en un 90%, inmediatamente despu\u00e9s de la aplicaci\u00f3n.<\/p>\n<p>Modo de uso: Para uso diario, aplicar sobre la piel limpia al final de tu rutina de cuidado. Evitar el contorno de los ojos. En caso de contacto con los ojos, enjuagar de inmediato con agua abundante.<\/p>\n<p>Ingredientes:<br \/>\nAQUA \/ WATER \/ EAU ? GLYCERIN ? PROPANEDIOL ? CAPRYLIC\/CAPRIC TRIGLYCERIDE ? ETHYLHEXYL SALICYLATE ? C12-15 ALKYL BENZOATE ? ALCOHOL DENAT. ? BIS-ETHYLHEXYLOXYPHENOL METHOXYPHENYL TRIAZINE ? TITANIUM DIOXIDE ? CI 77891 \/ TITANIUM DIOXIDE ? BUTYL METHOXYDIBENZOYLMETHANE ? DROMETRIZOLE TRISILOXANE ? STYRENE\/ACRYLATES COPOLYMER ? DIMETHICONE ? CI 77492 \/ IRON OXIDES ? ZEA MAYS STARCH \/ CORN STARCH ? PROPYLENE GLYCOL ? SYNTHETIC WAX ? DIETHYLHEXYL BUTAMIDO TRIAZONE ? POTASSIUM CETYL PHOSPHATE ? NIACINAMIDE ? TOCOPHEROL ? ALUMINUM HYDROXIDE ? AMMONIUM POLYACRYLOYLDIMETHYL TAURATE ? BUTYROSPERMUM PARKII BUTTER \/ SHEA BUTTER ? CAPRYLYL GLYCOL ? CI 77491 \/ IRON OXIDES ? CI 77499 \/ IRON OXIDES ? CITRIC ACID ? GLYCERYL STEARATE ? HYDROXYPROPYL METHYLCELLULOSE ? MYRISTIC ACID ? 2-OLEAMIDO-1,3-OCTADECANEDIOL ? PALMITIC ACID ? PEG-100 STEARATE ? PEG-8 LAURATE ? SODIUM CHLORIDE ? SODIUM DODECYLBENZENESULFONATE ? STEARIC ACID ? TRIETHANOLAMINE ? TRISODIUM ETHYLENEDIAMINE DISUCCINATE.<\/p>\n","protected":false},"excerpt":{"rendered":"<p>Protector solar facial anthelios pigment correct spf50 en crema para uso diario con fotocorrecci\u00f3n que unifica visiblemente el tono de la piel y ayuda a prevenir la hiperpigmentaci\u00f3n. <\/p>\n","protected":false},"featured_media":9781,"template":"","meta":{"site-sidebar-layout":"default","site-content-layout":"","ast-site-content-layout":"default","site-content-style":"default","site-sidebar-style":"default","ast-global-header-display":"","ast-banner-title-visibility":"","ast-main-header-display":"","ast-hfb-above-header-display":"","ast-hfb-below-header-display":"","ast-hfb-mobile-header-display":"","site-post-title":"","ast-breadcrumbs-content":"","ast-featured-img":"","footer-sml-layout":"","ast-disable-related-posts":"","theme-transparent-header-meta":"","adv-header-id-meta":"","stick-header-meta":"","header-above-stick-meta":"","header-main-stick-meta":"","header-below-stick-meta":"","astra-migrate-meta-layouts":"default","ast-page-background-enabled":"default","ast-page-background-meta":{"desktop":{"background-color":"var(--ast-global-color-5)","background-image":"","background-repeat":"repeat","background-position":"center center","background-size":"auto","background-attachment":"scroll","background-type":"","background-media":"","overlay-type":"","overlay-color":"","overlay-opacity":"","overlay-gradient":""},"tablet":{"background-color":"","background-image":"","background-repeat":"repeat","background-position":"center center","background-size":"auto","background-attachment":"scroll","background-type":"","background-media":"","overlay-type":"","overlay-color":"","overlay-opacity":"","overlay-gradient":""},"mobile":{"background-color":"","background-image":"","background-repeat":"repeat","background-position":"center center","background-size":"auto","background-attachment":"scroll","background-type":"","background-media":"","overlay-type":"","overlay-color":"","overlay-opacity":"","overlay-gradient":""}},"ast-content-background-meta":{"desktop":{"background-color":"var(--ast-global-color-4)","background-image":"","background-repeat":"repeat","background-position":"center center","background-size":"auto","background-attachment":"scroll","background-type":"","background-media":"","overlay-type":"","overlay-color":"","overlay-opacity":"","overlay-gradient":""},"tablet":{"background-color":"var(--ast-global-color-4)","background-image":"","background-repeat":"repeat","background-position":"center center","background-size":"auto","background-attachment":"scroll","background-type":"","background-media":"","overlay-type":"","overlay-color":"","overlay-opacity":"","overlay-gradient":""},"mobile":{"background-color":"var(--ast-global-color-4)","background-image":"","background-repeat":"repeat","background-position":"center center","background-size":"auto","background-attachment":"scroll","background-type":"","background-media":"","overlay-type":"","overlay-color":"","overlay-opacity":"","overlay-gradient":""}}},"product_brand":[],"product_cat":[214,215],"product_tag":[230,225,233,222,223,228,234,235,229,248],"class_list":{"0":"post-14434","1":"product","2":"type-product","3":"status-publish","4":"has-post-thumbnail","6":"product_cat-dermo","7":"product_cat-la-roche-posay","8":"product_tag-anti-edad","9":"product_tag-anti-manchas","10":"product_tag-piel-atopica","11":"product_tag-piel-grasa","12":"product_tag-piel-mixta","13":"product_tag-piel-normal","14":"product_tag-piel-seca","15":"product_tag-piel-sensible","16":"product_tag-proteccion-solar","17":"product_tag-todo-tipo-de-piel","18":"desktop-align-left","19":"tablet-align-left","20":"mobile-align-left","21":"ast-product-gallery-layout-horizontal-slider","22":"ast-product-gallery-with-no-image","23":"ast-product-tabs-layout-horizontal","25":"first","26":"instock","27":"sale","28":"shipping-taxable","29":"purchasable","30":"product-type-simple"},"_links":{"self":[{"href":"http:\/\/vanttive.com\/index.php?rest_route=\/wp\/v2\/product\/14434","targetHints":{"allow":["GET"]}}],"collection":[{"href":"http:\/\/vanttive.com\/index.php?rest_route=\/wp\/v2\/product"}],"about":[{"href":"http:\/\/vanttive.com\/index.php?rest_route=\/wp\/v2\/types\/product"}],"wp:featuredmedia":[{"embeddable":true,"href":"http:\/\/vanttive.com\/index.php?rest_route=\/wp\/v2\/media\/9781"}],"wp:attachment":[{"href":"http:\/\/vanttive.com\/index.php?rest_route=%2Fwp%2Fv2%2Fmedia&parent=14434"}],"wp:term":[{"taxonomy":"product_brand","embeddable":true,"href":"http:\/\/vanttive.com\/index.php?rest_route=%2Fwp%2Fv2%2Fproduct_brand&post=14434"},{"taxonomy":"product_cat","embeddable":true,"href":"http:\/\/vanttive.com\/index.php?rest_route=%2Fwp%2Fv2%2Fproduct_cat&post=14434"},{"taxonomy":"product_tag","embeddable":true,"href":"http:\/\/vanttive.com\/index.php?rest_route=%2Fwp%2Fv2%2Fproduct_tag&post=14434"}],"curies":[{"name":"wp","href":"https:\/\/api.w.org\/{rel}","templated":true}]}}

<p>Protector Solar Facial Anthelios Pigment Correct SPF50 en crema para uso diario con fotocorrección que unifica visiblemente el tono de la piel y ayuda a prevenir la hiperpigmentación. La nueva generación de protección solar que protege del fotoenvejecimiento provocado por la exposición solar diaria, y que ayuda a corregir visiblemente la pigmentación de la piel. Con Protección de Amplio Espectro contra los Rayos UV, la contaminación y la oxidación más Activos Dermotológicos Correctivos, con Procerad, Niancinamida y Pigmentos Minerales.<br />
Disponible en 2 tonos.</p>
<p>Tipo de piel: Todo tipo de piel, en especial piel sensible.<br />
Beneficios: Protector que ayuda a proteger la piel contra los signos del envejecimiento inducidos por la exposición solar diaria y ayuda a corregir visiblemente la hiperpigmentación. Piel más uniforme en un 90%, inmediatamente después de la aplicación.</p>
<p>Modo de uso: Para uso diario, aplicar sobre la piel limpia al final de tu rutina de cuidado. Evitar el contorno de los ojos. En caso de contacto con los ojos, enjuagar de inmediato con agua abundante.</p>
<p>Ingredientes:<br />
AQUA / WATER / EAU ? GLYCERIN ? PROPANEDIOL ? CAPRYLIC/CAPRIC TRIGLYCERIDE ? ETHYLHEXYL SALICYLATE ? C12-15 ALKYL BENZOATE ? ALCOHOL DENAT. ? BIS-ETHYLHEXYLOXYPHENOL METHOXYPHENYL TRIAZINE ? TITANIUM DIOXIDE ? CI 77891 / TITANIUM DIOXIDE ? BUTYL METHOXYDIBENZOYLMETHANE ? DROMETRIZOLE TRISILOXANE ? STYRENE/ACRYLATES COPOLYMER ? DIMETHICONE ? CI 77492 / IRON OXIDES ? ZEA MAYS STARCH / CORN STARCH ? PROPYLENE GLYCOL ? SYNTHETIC WAX ? DIETHYLHEXYL BUTAMIDO TRIAZONE ? POTASSIUM CETYL PHOSPHATE ? NIACINAMIDE ? TOCOPHEROL ? ALUMINUM HYDROXIDE ? AMMONIUM POLYACRYLOYLDIMETHYL TAURATE ? BUTYROSPERMUM PARKII BUTTER / SHEA BUTTER ? CAPRYLYL GLYCOL ? CI 77491 / IRON OXIDES ? CI 77499 / IRON OXIDES ? CITRIC ACID ? GLYCERYL STEARATE ? HYDROXYPROPYL METHYLCELLULOSE ? MYRISTIC ACID ? 2-OLEAMIDO-1,3-OCTADECANEDIOL ? PALMITIC ACID ? PEG-100 STEARATE ? PEG-8 LAURATE ? SODIUM CHLORIDE ? SODIUM DODECYLBENZENESULFONATE ? STEARIC ACID ? TRIETHANOLAMINE ? TRISODIUM ETHYLENEDIAMINE DISUCCINATE.</p>

<p>Protector solar facial anthelios pigment correct spf50 en crema para uso diario con fotocorrección que unifica visiblemente el tono de la piel y ayuda a prevenir la hiperpigmentación. </p>
