{"id":14445,"date":"2023-08-20T01:13:51","date_gmt":"2023-08-20T06:13:51","guid":{"rendered":"https:\/\/www.vanttive.com\/producto\/pigmentclar-crema-contorno-ojos-15ml\/"},"modified":"2023-08-20T01:13:51","modified_gmt":"2023-08-20T06:13:51","slug":"pigmentclar-crema-contorno-ojos-15ml","status":"publish","type":"product","link":"http:\/\/vanttive.com\/?product=pigmentclar-crema-contorno-ojos-15ml","title":{"rendered":"Pigmentclar crema contorno ojos 15ml"},"content":{"rendered":"<p>PIGMENTCLAR Ojos regula la melanog\u00e9nesis para ayudar a reducir las ojeras caf\u00e9 oscuro. Ayuda a descongestionar el contorno de ojos para combatir las ojeras azules. Textura fundente, hidratante y no pegajosa. Contiene pigmentos que reflejan la luz. Con Agua Termal de La Roche-Posay.<\/p>\n<p>Tipo de piel: Todo tipo de piel.<\/p>\n<p>Beneficios: Ayuda a reducir el aspecto de las ojeras caf\u00e9s y azules y restaura la luminosidad del contorno de ojos.<\/p>\n<p>Enriquecido con PhE-Resorcinol concentrado y cafe\u00edna, esta innovadora f\u00f3rmula reduce visiblemente la apariencia de las ojeras azules debido a la mala circulaci\u00f3n y de las ojeras caf\u00e9s debido a una superproducci\u00f3n de melanina.<br \/>\nLos pigmentos reflectantes combinados con un aplicador met\u00e1lico refrescante aporta una mayor luminosidad y frescura al contorno de ojos.<\/p>\n<p>Modo de uso: Por la ma\u00f1ana o por la noche, tomar una peque\u00f1a cantidad del producto (como un grano de arroz) y usar la punta del aplicador met\u00e1lico para extender suavemente el producto desde el extremo interno hacia el externo de cada contorno de ojos.<\/p>\n<p>Ingredientes:<br \/>\nAQUA \/ WATER \u2022 GLYCERIN \u2022 BUTYLENE GLYCOL \u2022 DIMETHICONE \u2022 NIACINAMIDE \u2022 ISOPROPYL PALMITATE \u2022 CETEARYL ALCOHOL \u2022 AMMONIUM POLYACRYLDIMETHYLTAURAMIDE \/ AMMONIUM POLYACRYLOYLDIMETHYL TAURATE \u2022 BUTYROSPERMUM PARKII BUTTER \/ SHEA BUTTER \u2022 PEG-100 STEARATE \u2022 PEG\/PPG\/POLYBUTYLENE GLYCOL-8\/5\/3 GLYCERIN \u2022 STEARIC ACID \u2022 GLYCERYL STEARATE \u2022 DIMETHICONE\/VINYL DIMETHICONE CROSSPOLYMER \u2022 DIMETHICONOL \u2022 CAFFEINE \u2022 SODIUM HYDROXIDE \u2022 SILICA \u2022 GINKGO BILOBA EXTRACT \/ GINKGO BILOBA LEAF EXTRACT \u2022 PALMITI C ACI D \u2022 ALUMINA \u2022 PHENYLETHYL RESORCINOL \u2022 ASCORBYL GLUCOSIDE \u2022 POLOXAMER 338 \u2022 DISODIUM EDTA \u2022 ISOPROPYL TITANIUM TRIISOSTEARATE \u2022 HYDROLYZED RICE PROTEIN \u2022 CAPRYLYL GLYCOL \u2022 XANTHAN GUM \u2022 FERULIC ACID \u2022 PHENOXYETHANOL \u2022 CI 77491, CI 77492, CI 77499 \/ IRON OXIDES \u2022 CI 77891 \/ TITANIUM DIOXIDE \u2022 MICA.<\/p>\n","protected":false},"excerpt":{"rendered":"<p>Pigmentclar ojos regula la melanog\u00e9nesis para ayudar a reducir las ojeras caf\u00e9 oscuro. Ayuda a descongestionar el contorno de ojos para combatir las ojeras azules. Textura fundente, hidratante y no pegajosa. Contiene pigmentos que reflejan la luz. Con agua termal de la roche-posay.<\/p>\n","protected":false},"featured_media":9751,"template":"","meta":{"site-sidebar-layout":"default","site-content-layout":"","ast-site-content-layout":"default","site-content-style":"default","site-sidebar-style":"default","ast-global-header-display":"","ast-banner-title-visibility":"","ast-main-header-display":"","ast-hfb-above-header-display":"","ast-hfb-below-header-display":"","ast-hfb-mobile-header-display":"","site-post-title":"","ast-breadcrumbs-content":"","ast-featured-img":"","footer-sml-layout":"","ast-disable-related-posts":"","theme-transparent-header-meta":"","adv-header-id-meta":"","stick-header-meta":"","header-above-stick-meta":"","header-main-stick-meta":"","header-below-stick-meta":"","astra-migrate-meta-layouts":"default","ast-page-background-enabled":"default","ast-page-background-meta":{"desktop":{"background-color":"var(--ast-global-color-5)","background-image":"","background-repeat":"repeat","background-position":"center center","background-size":"auto","background-attachment":"scroll","background-type":"","background-media":"","overlay-type":"","overlay-color":"","overlay-opacity":"","overlay-gradient":""},"tablet":{"background-color":"","background-image":"","background-repeat":"repeat","background-position":"center center","background-size":"auto","background-attachment":"scroll","background-type":"","background-media":"","overlay-type":"","overlay-color":"","overlay-opacity":"","overlay-gradient":""},"mobile":{"background-color":"","background-image":"","background-repeat":"repeat","background-position":"center center","background-size":"auto","background-attachment":"scroll","background-type":"","background-media":"","overlay-type":"","overlay-color":"","overlay-opacity":"","overlay-gradient":""}},"ast-content-background-meta":{"desktop":{"background-color":"var(--ast-global-color-4)","background-image":"","background-repeat":"repeat","background-position":"center center","background-size":"auto","background-attachment":"scroll","background-type":"","background-media":"","overlay-type":"","overlay-color":"","overlay-opacity":"","overlay-gradient":""},"tablet":{"background-color":"var(--ast-global-color-4)","background-image":"","background-repeat":"repeat","background-position":"center center","background-size":"auto","background-attachment":"scroll","background-type":"","background-media":"","overlay-type":"","overlay-color":"","overlay-opacity":"","overlay-gradient":""},"mobile":{"background-color":"var(--ast-global-color-4)","background-image":"","background-repeat":"repeat","background-position":"center center","background-size":"auto","background-attachment":"scroll","background-type":"","background-media":"","overlay-type":"","overlay-color":"","overlay-opacity":"","overlay-gradient":""}}},"product_brand":[],"product_cat":[214,215],"product_tag":[231,249,250,233,222,223,228,234,235,248],"class_list":{"0":"post-14445","1":"product","2":"type-product","3":"status-publish","4":"has-post-thumbnail","6":"product_cat-dermo","7":"product_cat-la-roche-posay","8":"product_tag-cuidado-facial","9":"product_tag-hiratacion-facial","10":"product_tag-ojeras","11":"product_tag-piel-atopica","12":"product_tag-piel-grasa","13":"product_tag-piel-mixta","14":"product_tag-piel-normal","15":"product_tag-piel-seca","16":"product_tag-piel-sensible","17":"product_tag-todo-tipo-de-piel","18":"desktop-align-left","19":"tablet-align-left","20":"mobile-align-left","21":"ast-product-gallery-layout-horizontal-slider","22":"ast-product-gallery-with-no-image","23":"ast-product-tabs-layout-horizontal","25":"first","26":"instock","27":"sale","28":"shipping-taxable","29":"purchasable","30":"product-type-simple"},"_links":{"self":[{"href":"http:\/\/vanttive.com\/index.php?rest_route=\/wp\/v2\/product\/14445","targetHints":{"allow":["GET"]}}],"collection":[{"href":"http:\/\/vanttive.com\/index.php?rest_route=\/wp\/v2\/product"}],"about":[{"href":"http:\/\/vanttive.com\/index.php?rest_route=\/wp\/v2\/types\/product"}],"wp:featuredmedia":[{"embeddable":true,"href":"http:\/\/vanttive.com\/index.php?rest_route=\/wp\/v2\/media\/9751"}],"wp:attachment":[{"href":"http:\/\/vanttive.com\/index.php?rest_route=%2Fwp%2Fv2%2Fmedia&parent=14445"}],"wp:term":[{"taxonomy":"product_brand","embeddable":true,"href":"http:\/\/vanttive.com\/index.php?rest_route=%2Fwp%2Fv2%2Fproduct_brand&post=14445"},{"taxonomy":"product_cat","embeddable":true,"href":"http:\/\/vanttive.com\/index.php?rest_route=%2Fwp%2Fv2%2Fproduct_cat&post=14445"},{"taxonomy":"product_tag","embeddable":true,"href":"http:\/\/vanttive.com\/index.php?rest_route=%2Fwp%2Fv2%2Fproduct_tag&post=14445"}],"curies":[{"name":"wp","href":"https:\/\/api.w.org\/{rel}","templated":true}]}}

<p>PIGMENTCLAR Ojos regula la melanogénesis para ayudar a reducir las ojeras café oscuro. Ayuda a descongestionar el contorno de ojos para combatir las ojeras azules. Textura fundente, hidratante y no pegajosa. Contiene pigmentos que reflejan la luz. Con Agua Termal de La Roche-Posay.</p>
<p>Tipo de piel: Todo tipo de piel.</p>
<p>Beneficios: Ayuda a reducir el aspecto de las ojeras cafés y azules y restaura la luminosidad del contorno de ojos.</p>
<p>Enriquecido con PhE-Resorcinol concentrado y cafeína, esta innovadora fórmula reduce visiblemente la apariencia de las ojeras azules debido a la mala circulación y de las ojeras cafés debido a una superproducción de melanina.<br />
Los pigmentos reflectantes combinados con un aplicador metálico refrescante aporta una mayor luminosidad y frescura al contorno de ojos.</p>
<p>Modo de uso: Por la mañana o por la noche, tomar una pequeña cantidad del producto (como un grano de arroz) y usar la punta del aplicador metálico para extender suavemente el producto desde el extremo interno hacia el externo de cada contorno de ojos.</p>
<p>Ingredientes:<br />
AQUA / WATER • GLYCERIN • BUTYLENE GLYCOL • DIMETHICONE • NIACINAMIDE • ISOPROPYL PALMITATE • CETEARYL ALCOHOL • AMMONIUM POLYACRYLDIMETHYLTAURAMIDE / AMMONIUM POLYACRYLOYLDIMETHYL TAURATE • BUTYROSPERMUM PARKII BUTTER / SHEA BUTTER • PEG-100 STEARATE • PEG/PPG/POLYBUTYLENE GLYCOL-8/5/3 GLYCERIN • STEARIC ACID • GLYCERYL STEARATE • DIMETHICONE/VINYL DIMETHICONE CROSSPOLYMER • DIMETHICONOL • CAFFEINE • SODIUM HYDROXIDE • SILICA • GINKGO BILOBA EXTRACT / GINKGO BILOBA LEAF EXTRACT • PALMITI C ACI D • ALUMINA • PHENYLETHYL RESORCINOL • ASCORBYL GLUCOSIDE • POLOXAMER 338 • DISODIUM EDTA • ISOPROPYL TITANIUM TRIISOSTEARATE • HYDROLYZED RICE PROTEIN • CAPRYLYL GLYCOL • XANTHAN GUM • FERULIC ACID • PHENOXYETHANOL • CI 77491, CI 77492, CI 77499 / IRON OXIDES • CI 77891 / TITANIUM DIOXIDE • MICA.</p>

<p>Pigmentclar ojos regula la melanogénesis para ayudar a reducir las ojeras café oscuro. Ayuda a descongestionar el contorno de ojos para combatir las ojeras azules. Textura fundente, hidratante y no pegajosa. Contiene pigmentos que reflejan la luz. Con agua termal de la roche-posay.</p>
